, 0 = 3*c - u - 52. What is the units digit of c?
9
Suppose 0 = 5*y - 5*v - 50, -3*y + 2*v + 33 = -2*v. Suppose -29 + y = -4*c + 3*u, 0 = c + 2*u. Suppose c*i - 2*i - 8 = 0. What is the units digit of i?
4
Let k(f) = -f**3 + 4*f**2 - 6*f - 1. Let p be k(5). What is the tens digit of (p/35)/(2/(-15))?
1
Suppose 0 = 5*t - 10*t + 1365. What is the units digit of t?
3
Suppose 0 = 2*u + 50 - 200. Suppose -q - 4*h = q - 38, 3*h = 3*q - u. What is the tens digit of q?
2
Suppose 0 = 2*q - l + 20, -l - 3*l + 32 = -2*q. Let p = q - -21. What is the units digit of p?
3
Let h be -1*(-2 - -1*2). Let p be h/(-1) - 32/(-1). What is the units digit of p/6 + 6/9?
6
Suppose 0 = -2*l + 5*r + 27 - 0, 4*l - 90 = -2*r. Let w = l - -4. What is the units digit of w?
5
Let k = 62 + -17. What is the units digit of k?
5
Let p = -29 - -21. Let l(y) = -y**2 - 7*y + 4. Let w be l(-9). Let m = p - w. What is the units digit of m?
6
Suppose -5*n - 37 = -142. What is the units digit of n?
1
Suppose 78 = -d + 4. What is the units digit of d/(-10) + 6/10?
8
Let p(d) = -20*d - 14. What is the units digit of p(-4)?
6
What is the units digit of (39 + 1)/(-3 + 2 + 3)?
0
Let p be ((-6)/(-4))/(12/16). Suppose 6 = b + p*b. What is the units digit of b?
2
Let a(z) = z - 1. Let x be a(2). Let v(d) be the second derivative of d**3/6 + 4*d. What is the units digit of v(x)?
1
Let d = -6 - -9. Let j be (-2 - -1)/(d/(-57)). Suppose 25 = 4*m - j. What is the units digit of m?
1
Let b(s) be the first derivative of -s**5/120 + 5*s**4/24 + 2*s**3/3 + 2. Let g(n) be the third derivative of b(n). What is the units digit of g(0)?
5
Let t = -26 + 20. What is the units digit of (-784)/(-26) - t/(-39)?
0
Suppose -49 = -2*b - 5*p, b + 3*p - 151 = -4*b. What is the units digit of b?
2
Suppose -5*g - 171 = 3*v, 0*g - 2*g = 2*v + 70. Let r = -21 - g. What is the units digit of r?
2
Let h(c) = -c + 10. Let n be h(5). Let k = -2 + n. What is the units digit of k - (-3 + -1 + 3)?
4
Let d(w) = 11*w**2 + w. Let z(g) = 2*g**2 + 2*g - 1. Let n be z(1). Suppose -f = n*p - 3 + 5, -3*f - 4*p - 1 = 0. What is the units digit of d(f)?
2
Let c(b) be the first derivative of b**3/6 + 2*b**2 + 3*b + 3. Let o(k) be the first derivative of c(k). What is the units digit of o(6)?
0
Let f(a) = -a**3 + 9*a**2 + 7. What is the tens digit of f(8)?
7
Suppose 5*l = -4*a + 41, 0 = a + l - 2 - 7. Let u(b) = -3 + a + b - 2*b. What is the units digit of u(0)?
1
Let b(r) = -r**2 + 6*r - 7. Let u be b(6). Let l = u + 14. Let q(z) = -z**2 + 8*z + 5. What is the tens digit of q(l)?
1
Suppose -2*a + 4 = -4. Suppose -4*c - o + 31 = 0, -3 = -c + a*o - 8. Suppose -4*r + 23 = c. What is the units digit of r?
4
Suppose 4*j = 5*j + 5. Let f = -3 - j. What is the units digit of (2 + -1)/(2/f)?
1
Suppose 0 = -z - 0*z + 24. What is the units digit of z?
4
Suppose -4*n = n - 90. Suppose 0 = -o - 2*o + n. What is the units digit of o?
6
Let z = 65 + 15. Suppose -n = n - z. Suppose -n = -0*u - 5*u. What is the units digit of u?
8
Suppose 0 = -3*c + 585 - 135. What is the tens digit of c?
5
Let c be 3/((-6)/(-4)) - 3. Let x be ((c - 2) + 2)*4. Let d = 6 + x. What is the units digit of d?
2
Suppose 0 = -2*b + 5*b - 9. Suppose -l - 3 = l - w, 0 = b*l - 2*w + 6. Suppose l = -4*p + 3*p + 4. What is the units digit of p?
4
Suppose 19*z - 21*z + 64 = 0. What is the tens digit of z?
3
What is the hundreds digit of (-237)/(-4)*(-3)/((-27)/24)?
1
Let l be (33/22)/(1/2). Suppose -h = -2*h - 2*x - 3, -h = l*x + 6. What is the units digit of h?
3
Suppose 0 = 5*t - 3*d + 24, -2*d = 4*t - 0*d + 6. Let k = t + 3. Suppose k = 3*z - 8*z + 5. What is the units digit of z?
1
Let j(f) = f - 3. Let u be j(6). Let y be 11 - (3 + (-2 - u)). Let q = y + -8. What is the units digit of q?
5
Let m be (6/5)/((-12)/(-40)). Suppose m*u = 41 - 9. What is the units digit of u?
8
Suppose 3*q - 25 = 5*s, 4*q - 5*s = 7*q - 35. Suppose -z = -3*z + q. Suppose 14 = 4*g + z*o, o - 5*o = g + 2. What is the units digit of g?
6
Let p(a) = -a**3 - 5*a**2 + 10*a + 8. Let n be p(-8). Suppose -2*w - n = -5*w. What is the units digit of ((-3)/(-4))/(5/w)?
6
What is the units digit of 10/((-5)/(-2)*(-2)/(-70))?
0
Let y = 76 - 51. What is the units digit of y?
5
Let s(w) = -w - 11. Let q be s(-14). Let m = q - 0. What is the units digit of m?
3
Suppose -4 - 112 = -m. What is the tens digit of m?
1
Let h = 28 + 101. What is the units digit of h?
9
Let o(f) = f**2 + 6*f - 16. What is the units digit of o(-12)?
6
Suppose 149 = 5*i + 24. What is the tens digit of i?
2
Let c be 12/(-4)*2/(-3). Suppose 2*s = -2*h - h + 28, c*s = h + 44. Suppose -2*q + s = 2*q. What is the units digit of q?
5
Suppose 2*i + 25 = 7*i. Suppose 29 = a + 5*j, 3*j = i*a + 2*j - 15. What is the units digit of a?
4
Suppose 5*u - 155 = 4*w, -u = u + w - 75. What is the units digit of u?
5
Let c(d) = -d**3 - 4*d**2 - 13*d - 5. What is the tens digit of c(-4)?
4
Let u(y) = y**2 + 11*y + 12. What is the units digit of u(-10)?
2
Suppose -2*p + 8 - 4 = 0. What is the units digit of ((-48)/30)/(p/(-10))?
8
Let m(y) = -y - 6. Let p be m(-10). Suppose -5*s + 11 = -p*s. What is the tens digit of s?
1
Let w(t) = -5*t + 2. Let s be 0 - 14/(-3 - -2). Suppose 4 - s = 5*q. What is the units digit of w(q)?
2
Suppose -3 = 5*u + 7. Suppose -3*k - 3 + 12 = 0. Let q = u + k. What is the units digit of q?
1
Suppose 3*z = -2*z - 30. Let l(o) = o**3 - 3*o**2 + 3*o - 2. Let a be l(3). Let g = a + z. What is the units digit of g?
1
Let r(u) = 2*u + 4. Let i be r(-4). Let g = -10 + 14. What is the units digit of (-9)/g*(i + 0)?
9
Let n = 430 + -94. What is the hundreds digit of n?
3
Let k = -23 - -33. What is the tens digit of k?
1
Let f(x) = x**2 - 8*x + 6. Let j be f(6). What is the units digit of 9/j*-2 + 12?
5
Let b = 24 - 14. Let h(t) = 10*t + 7. Let s be h(b). What is the tens digit of 6/(-21) - s/(-7)?
1
What is the units digit of -17*(-1 + -1 + (0 - 1))?
1
Let x(r) = 5*r**2 + 16*r. Let z(g) = 14*g**2 + 47*g - 1. Let o(q) = -17*x(q) + 6*z(q). What is the units digit of o(7)?
5
Suppose 14*j + 26 = 16*j. What is the units digit of j?
3
Let w(d) = d**3 - 5*d**2 + 2. Let x be w(6). Suppose x = 5*k - 12. What is the tens digit of k?
1
Let k(o) be the second derivative of o**5/20 + o**4/3 + o**3/6 + o**2 + 3*o. What is the units digit of k(-3)?
8
Suppose -2*j = -4*o - 36, j + 5*o = 3*o + 14. Suppose -4*d + d = 5*c - 35, -2*d + 4*c + j = 0. What is the units digit of d?
0
Let v(y) = 6*y**2 - 8*y**2 + 0*y - 2*y + 2 + 5*y**3. What is the tens digit of v(2)?
3
Suppose 0 = 4*c + 4*x - 168, -3*c - 2*x = -2*c - 46. What is the tens digit of c?
3
Suppose -3*o = s - 5*s - 20, -4*s = 4*o - 36. Let p(r) = -4*r - 7. Let n be p(-5). Let b = n + o. What is the tens digit of b?
2
Suppose 2*c = p, -14 + 0 = -3*c + 5*p. Let n be c*(1 - (-7)/2). What is the units digit of (n/(-6) - 1)*2?
1
Suppose -5*l = -129 + 19. What is the units digit of l?
2
Let w(f) = 32*f - 6. What is the tens digit of w(11)?
4
What is the hundreds digit of 24/(-48) + ((-623)/(-2) - 0)?
3
Let y(z) = 6*z + 4. Let l be y(7). Let n = l + -23. What is the tens digit of n?
2
Let k(f) be the third derivative of -f**5/60 - f**4/2 + f**3 - 8*f**2. What is the tens digit of k(-11)?
1
Suppose 210 = 2*b + 3*b. What is the units digit of b?
2
Let x be (-3)/((-62)/(-56) + -1). Let f = -7 - x. What is the tens digit of f?
2
Let n(i) = -i**2 + 9*i + 13. Let p be n(10). Let x = p + -2. What is the units digit of x?
1
Suppose -49*x + 46*x = -492. What is the tens digit of x?
6
Let k be 4/10 + (-231)/15. Let g be (-2)/(-3) - 35/k. Suppose -g = -z - 2. What is the units digit of z?
1
Let k = -9 - -33. Let z = k - 14. What is the units digit of z?
0
Suppose -3*s + 52 = -5. Suppose -9 - s = -2*o. Suppose 2*l = t - o - 13, -3*l = 2*t - 33. What is the units digit of t?
1
Let s(p) = p**2 + 1. Suppose 5*n - 5 + 15 = 0, 2*g + 2 = -n. What is the units digit of s(g)?
1
Suppose 3*w - 135 + 54 = 0. What is the units digit of 6/w + (-212)/(-18)?
2
Let c = -4 + 22. Let l = c - 2. What is the tens digit of l?
1
Let f = -7 - -13. Suppose -w - 95 = -f*w. What is the tens digit of w?
1
Let g(a) = 44*a - 10. What is the tens digit of g(3)?
2
What is the units digit of 4/(-7) + (-116)/(-28)*18?
4
Let j = 14 - 9. Let n = j + 3. Wha